ple of 594?
False
Does 1721 divide 1654977?
False
Is 12157981 a multiple of 42?
False
Is 19866418 a multiple of 26?
True
Is 130647198 a multiple of 7?
False
Is 640602008 a multiple of 4170?
False
Is 839585929 a multiple of 1422?
False
Does 2176 divide 59958666?
False
Does 346 divide 6141500?
True
Is 1388 a factor of 91608?
True
Does 86 divide 39568099?
False
Is 963 a factor of 382127067?
True
Is 1233953223 a multiple of 17?
False
Is 350 a factor of 5216560?
False
Does 83 divide 24096062?
True
Is 1605 a factor of 153628962?
False
Is 11 a factor of 15374551?
False
Is 1327 a factor of 41580039?
False
Does 62 divide 51465755?
False
Does 10 divide 131497005?
False
Does 6 divide 1556460960?
True
Is 326937902 a multiple of 38?
True
Does 9850 divide 3362809700?
True
Does 3327 divide 115297185?
True
Is 800696700 a multiple of 30?
True
Does 119 divide 6100401?
False
Does 33 divide 1049699414?
False
Is 8453516 a multiple of 12?
False
Is 188231926 a multiple of 64?
False
Is 271 a factor of 202943564?
False
Is 265 a factor of 48847450?
True
Does 245 divide 46994185?
True
Is 187 a factor of 31409455?
True
Is 4 a factor of 1712095819?
False
Is 41426800 a multiple of 20?
True
Is 557503477 a multiple of 3?
False
Does 86 divide 84190646?
True
Is 13574 a factor of 6302272460?
True
Is 41 a factor of 4835092321?
True
Does 25 divide 1024521?
False
Is 100744885 a multiple of 20?
False
Is 22 a factor of 1697298?
False
Is 55196596 a multiple of 364?
True
Is 209102540 a multiple of 74?
True
Does 567 divide 2615331?
False
Is 83 a factor of 5496507?
False
Is 109 a factor of 2456923002?
True
Is 382456572 a multiple of 2202?
True
Is 1254 a factor of 463414446?
True
Is 311074638 a multiple of 177?
False
Is 470 a factor of 11363055?
False
Does 34 divide 1763159998?
True
Is 1119 a factor of 39827024?
False
Is 527518948 a multiple of 11?
True
Does 22 divide 25623082?
False
Is 4608852 a multiple of 1299?
True
Is 141745384 a multiple of 194?
False
Does 7 divide 433339136?
False
Is 148 a factor of 2806025?
False
Does 3886 divide 570705732?
True
Is 1061070914 a multiple of 3358?
True
Is 1386 a factor of 426831174?
True
Is 802839180 a multiple of 65?
True
Does 16 divide 167305507?
False
Does 288 divide 12018240?
True
Is 71154468 a multiple of 1463?
True
Is 3650236946 a multiple of 383?
False
Does 480 divide 220208716?
False
Does 120 divide 542520?
True
Does 4398 divide 465840558?
True
Is 37 a factor of 12345753?
True
Does 18 divide 112667112?
True
Is 28924179 a multiple of 69?
True
Does 60 divide 17783272?
False
Does 27 divide 325509318?
False
Does 22 divide 410268683?
False
Does 447 divide 21532884?
True
Is 1398 a factor of 51245017?
False
Is 2753167444 a multiple of 80?
False
Is 21797192 a multiple of 25?
False
Is 591510564 a multiple of 36?
True
Is 28643160 a multiple of 516?
True
Is 144163206 a multiple of 1978?
False
Is 26 a factor of 289490633?
False
Is 274736850 a multiple of 1794?
False
Is 27 a factor of 23197131?
True
Is 240268024 a multiple of 109?
False
Does 256 divide 16951262?
False
Is 9 a factor of 8060886?
True
Does 627 divide 57254839?
False
Does 167 divide 2334194098?
False
Does 83 divide 419156225?
True
Is 115243920 a multiple of 10?
True
Is 770 a factor of 5969810?
True
Is 1046 a factor of 6964268?
True
Is 1274 a factor of 160853966?
True
Is 175462438 a multiple of 662?
True
Is 60417386 a multiple of 689?
False
Is 44 a factor of 1296946596?
True
Does 33 divide 27297679?
False
Is 48483540 a multiple of 3?
True
Is 187154814 a multiple of 43?
False
Is 93415670 a multiple of 830?
True
Does 31 divide 853321886?
False
Does 1134 divide 143115336?
True
Is 204118776 a multiple of 27?
False
Is 284 a factor of 228084092?
True
Is 337242492 a multiple of 12?
True
Is 3 a factor of 70974897?
True
Is 1400 a factor of 776913949?
False
Is 2884 a factor of 622130712?
True
Is 9 a factor of 19533128?
False
Is 34810211 a multiple of 21?
False
Is 300 a factor of 1006800?
True
Does 544 divide 1153348000?
True
Does 29 divide 41632669?
False
Is 488955414 a multiple of 67?
True
Is 203 a factor of 747163627?
True
Is 166 a factor of 30531281?
False
Does 37 divide 313240987?
False
Does 62 divide 917820312?
False
Does 174 divide 128170314?
True
Is 424381458 a multiple of 3891?
False
Is 20232136 a multiple of 374?
False
Is 4011745 even?
False
Is 38 a factor of 719069468?
False
Does 57 divide 120346189?
False
Does 7 divide 728521655?
False
Does 46 divide 173883680?
True
Does 11109 divide 2244824683?
False
Does 2949 divide 64551701?
False
Is 113 a factor of 529312114?
True
Does 366 divide 19565587?
False
Is 1956616 a multiple of 228?
False
Is 333668690 a multiple of 758?
False
Is 13 a factor of 132904004?
False
Is 300951270 a multiple of 2610?
True
Is 1399 a factor of 2282690906?
False
Is 12 a factor of 587509778?
False
Does 131 divide 19174470?
True
Is 2395122217 a multiple of 973?
False
Is 221750782 a multiple of 916?
False
Does 100 divide 508142600?
True
Is 2403 a factor of 186744678?
False
Does 30 divide 2615640?
True
Does 8 divide 53588660?
False
Does 131 divide 11301045?
False
Is 16 a factor of 142236144?
True
Is 14 a factor of 87937472?
True
Is 3030741486 a multiple of 16?
False
Is 737067825 a multiple of 225?
True
Does 21 divide 74611068?
True
Does 276 divide 30378723?
False
Is 151426158 a multiple of 58?
False
Is 170 a factor of 102303798?
False
Does 76 divide 198939682?
False
Is 6690 a factor of 68080233?
False
Does 21 divide 34195136?
False
Is 33376345 a multiple of 2638?
False
Is 19721244 a multiple of 474?
True
Does 283 divide 575150108?
False
Is 440 a factor of 6180868?
False
Does 309 divide 2872155?
True
Is 6924910 a multiple of 33?
False
Is 33385408 a multiple of 20?
False
Is 61 a factor of 1395985?
True
Is 60 a factor of 1907563140?
True
Is 32298050 a multiple of 7?
False
Is 3955160826 a multiple of 47?
True
Is 24345172 a multiple of 63?
False
Does 60 divide 4837368?
False
Is 260 a factor of 5023722?
False
Is 11 a factor of 277767369?
True
Does 655 divide 20846308?
False
Does 212 divide 13205883?
False
Is 353299559 a multiple of 4?
False
Is 90 a factor of 224247789?
False
Is 270726533 a multiple of 2191?
True
Is 106606501 a multiple of 6?
False
Does 556 divide 600968147?
False
Is 119 a factor of 65320015?
False
Is 153 a factor of 127312524?
True
Is 1254 a factor of 170739624?
True
Is 5 a factor of 13606165?
True
Is 12 a factor of 8624598?
False
Does 77 divide 18301052?
True
Is 550609127 a multiple of 22?
False
Is 5778556 a multiple of 658?
True
Is 13013854 a multiple of 18?
False
Is 13 a factor of 114513874?
False
Is 278 a factor of 10160059?
False
Is 32374788 a multiple of 58?
True
Is 3053 a factor of 238069887?
True
Does 4 divide 142060288?
True
Is 79931478 a multiple of 3?
True
Is 114651105 a multiple of 26?
False
Is 5 a factor of 133800736?
False
Is 41604960 a multiple of 80?
True
Is 58491760 a multiple of 1328?
True
Is 32135920 a multiple of 1396?
True
Does 78 divide 842533408?
False
Does 41 divide 11942070?
True
Is 1653 a factor of 369995949?
True
Does 530 divide 165329790?
True
Is 1306 a factor of 2484012?
True
Is 231 a factor of 379458618?
True
Is 1706 a factor of 938528395?
False
Does 13 divide 15150512?
True
Is 29 a factor of 3200860819?
True
Is 4757322 a multiple of 81?
False
Is 23709268 a multiple of 236?
True
Is 4361 a factor of 615620565?
True
Is 2886 a factor of 2150070?
True
Is 277625700 a multiple of 825?
True
Is 734 a factor of 25339148?
True
Is 16857820 a multiple of 1271?
False
Does 708 divide 1698390172?
False
Is 292424578 a multiple of 227?
True
Is 997607 a multiple of 169?
True
Is 636 a factor of 22916102?
False
Is 857727 a multiple of 17?
False
Is 1902498640 a multiple of 3670?
True
Is 86475956 a multiple of 28?
True
Does 85 divide 107323049?
False
Is 4083 a factor of 615038622?
True
Is 40 a factor of 1143898?
False
Is 65043940 a multiple of 26?
True
Is 234 a factor of 123567210?
True
Is 30 a factor of 101212860?
True
Is 6 a factor of 1045758762?
True
Is 31 a factor of 351208635?
False
Does 643 divide 269966765?
True
Is 5591792 a multiple of 123?
False
Does 43 divide 351908575?
False
Does 13 divide 990756?
True
Is 46527482 a multiple of 2458?
True
Is 22 a factor of 39364931?
False
Is 7 a factor of 2712171?
True
Is 331293 a multiple of 66?
False
Is 266